{"id":33,"date":"2022-04-20T17:56:54","date_gmt":"2022-04-20T17:56:54","guid":{"rendered":"https:\/\/www.arkomp24.pl\/blog\/?page_id=33"},"modified":"2025-10-01T08:55:10","modified_gmt":"2025-10-01T08:55:10","slug":"system-rejestracji-uczestnikow-zawodow","status":"publish","type":"page","link":"https:\/\/www.arkomp24.pl\/blog\/index.php\/system-rejestracji-uczestnikow-zawodow\/","title":{"rendered":"System rejestracji uczestnik\u00f3w zawod\u00f3w"},"content":{"rendered":"\n<p>W chwili obecnej prowadzona jest obs\u0142uga nast\u0119puj\u0105cych zawod\u00f3w:<\/p>\n\n\n\n<hr class=\"wp-block-separator has-alpha-channel-opacity is-style-wide\"\/>\n\n\n\n<div class=\"wp-block-columns is-layout-flex wp-container-core-columns-is-layout-9d6595d7 wp-block-columns-is-layout-flex\">\n<div class=\"wp-block-column is-layout-flow wp-block-column-is-layout-flow\">\n<p>zapisy jeszcze nie uruchomione &#8211; po uruchomieniu zapis\u00f3w dost\u0119p poni\u017cej<\/p>\n\n\n\n<figure class=\"wp-block-image size-large is-resized\"><img loading=\"lazy\" decoding=\"async\" width=\"724\" height=\"1024\" src=\"https:\/\/www.arkomp24.pl\/blog\/wp-content\/uploads\/2025\/10\/plakat-satori-cup-2025-724x1024.png\" alt=\"\" class=\"wp-image-135\" style=\"width:254px;height:auto\" srcset=\"https:\/\/www.arkomp24.pl\/blog\/wp-content\/uploads\/2025\/10\/plakat-satori-cup-2025-724x1024.png 724w, https:\/\/www.arkomp24.pl\/blog\/wp-content\/uploads\/2025\/10\/plakat-satori-cup-2025-212x300.png 212w, https:\/\/www.arkomp24.pl\/blog\/wp-content\/uploads\/2025\/10\/plakat-satori-cup-2025-768x1087.png 768w, https:\/\/www.arkomp24.pl\/blog\/wp-content\/uploads\/2025\/10\/plakat-satori-cup-2025.png 1060w\" sizes=\"auto, (max-width: 724px) 100vw, 724px\" \/><\/figure>\n\n\n\n<p class=\"has-medium-font-size\"><a href=\"https:\/\/arkomp24.pl\/satoricup\">https:\/\/arkomp24.pl\/satoricup<\/a><\/p>\n<\/div>\n<\/div>\n\n\n\n<hr class=\"wp-block-separator has-css-opacity is-style-wide\"\/>\n\n\n\n<p><\/p>\n","protected":false},"excerpt":{"rendered":"<p>W chwili obecnej prowadzona jest obs\u0142uga nast\u0119puj\u0105cych zawod\u00f3w: zapisy jeszcze nie uruchomione &#8211; po uruchomieniu zapis\u00f3w dost\u0119p poni\u017cej https:\/\/arkomp24.pl\/satoricup<\/p>\n","protected":false},"author":1,"featured_media":0,"parent":0,"menu_order":0,"comment_status":"closed","ping_status":"closed","template":"","meta":{"footnotes":""},"class_list":["post-33","page","type-page","status-publish","hentry"],"_links":{"self":[{"href":"https:\/\/www.arkomp24.pl\/blog\/index.php\/wp-json\/wp\/v2\/pages\/33","targetHints":{"allow":["GET"]}}],"collection":[{"href":"https:\/\/www.arkomp24.pl\/blog\/index.php\/wp-json\/wp\/v2\/pages"}],"about":[{"href":"https:\/\/www.arkomp24.pl\/blog\/index.php\/wp-json\/wp\/v2\/types\/page"}],"author":[{"embeddable":true,"href":"https:\/\/www.arkomp24.pl\/blog\/index.php\/wp-json\/wp\/v2\/users\/1"}],"replies":[{"embeddable":true,"href":"https:\/\/www.arkomp24.pl\/blog\/index.php\/wp-json\/wp\/v2\/comments?post=33"}],"version-history":[{"count":46,"href":"https:\/\/www.arkomp24.pl\/blog\/index.php\/wp-json\/wp\/v2\/pages\/33\/revisions"}],"predecessor-version":[{"id":136,"href":"https:\/\/www.arkomp24.pl\/blog\/index.php\/wp-json\/wp\/v2\/pages\/33\/revisions\/136"}],"wp:attachment":[{"href":"https:\/\/www.arkomp24.pl\/blog\/index.php\/wp-json\/wp\/v2\/media?parent=33"}],"curies":[{"name":"wp","href":"https:\/\/api.w.org\/{rel}","templated":true}]}}